 13, what is 2 - -91b348?
91b34a
In base 14, what is -ab1247 + 4?
-ab1243
In base 4, what is 11 - -13211003022?
13211003033
In base 12, what is -9 - 764429?
-764436
In base 2, what is -11100101101001100 - -111011?
-11100101100010001
In base 12, what is -7b3 - -1b860?
1b069
In base 12, what is 4b5 + -24827b?
-247986
In base 12, what is -20233434 - -5?
-2023342b
In base 13, what is 4 - 402919?
-402915
In base 6, what is 113 + -31110535?
-31110422
In base 15, what is 197266 - -10e?
197375
In base 15, what is -739765 - 0?
-739765
In base 4, what is 133000130 + 2311?
133003101
In base 3, what is -10 - 101112220021100?
-101112220021110
In base 10, what is -1870277 + -106?
-1870383
In base 9, what is -155342 + 525?
-154716
In base 14, what is -1708 - -1147?
-5a1
In base 13, what is c0248b - 9?
c02482
In base 14, what is 436d2 + 2d?
43721
In base 6, what is 10 - -23444351551?
23444352001
In base 6, what is -1441210004 + -4?
-1441210012
In base 15, what is -b - 39d4c1a?
-39d4c26
In base 11, what is -4679 - -65a8?
1a2a
In base 13, what is -16 + 581cc5?
581cac
In base 10, what is -2056 - 432?
-2488
In base 11, what is -1484 + -426a?
-5743
In base 13, what is 12 - -1289b13?
1289b25
In base 12, what is -40590203 - 0?
-40590203
In base 13, what is -1279 + -2161?
-340a
In base 2, what is 10111001111101011011 + 1010001?
10111001111110101100
In base 11, what is 15 - 1714a423?
-1714a409
In base 15, what is cd337 + -113?
cd224
In base 10, what is -961 - 9771?
-10732
In base 13, what is -2 + 4b0a4?
4b0a2
In base 15, what is 4b - 497c85?
-497c39
In base 8, what is 204647 - -27?
204676
In base 3, what is 2001212 - 2101210121?
-2022201202
In base 15, what is c3 - -3c843?
3c916
In base 2, what is -111100010000 - -1101001011?
-101111000101
In base 2, what is -1100100010000100001111 + 1001?
-1100100010000100000110
In base 12, what is -3 + -78293?
-78296
In base 9, what is 13673072 + 5?
13673077
In base 9, what is -4 - -15808327?
15808323
In base 7, what is -6546350340 - -2?
-6546350335
In base 11, what is 3929 - 223?
3706
In base 5, what is 401403344 - 431?
401402413
In base 16, what is 30a64b - 23?
30a628
In base 8, what is 25632043 - -2?
25632045
In base 13, what is -2 - 20b820?
-20b822
In base 4, what is 0 - -100232011322?
100232011322
In base 5, what is -103430 - -203220?
44240
In base 6, what is -13443 + -13104?
-30551
In base 3, what is -2 + 10012221112022?
10012221112020
In base 13, what is 3 - c07bc2?
-c07bbc
In base 11, what is -5 + 63421263?
63421259
In base 15, what is e - -9d514?
9d523
In base 4, what is -230 + -1030132101?
-1030132331
In base 5, what is -10 + 241132210440?
241132210430
In base 13, what is 4463c89 + 0?
4463c89
In base 2, what is -100 - -101011100100100111101101?
101011100100100111101001
In base 5, what is 1021 + -241021442?
-241020421
In base 3, what is -1221212 + 1101202?
-120010
In base 6, what is -15515345 + 313?
-15515032
In base 9, what is -10003 + -32212?
-42215
In base 6, what is -5 + -11055542213?
-11055542222
In base 15, what is 1 + -323255?
-323254
In base 5, what is -2123 - -1322043?
1314420
In base 6, what is 23 - 311133144?
-311133121
In base 12, what is -1045 + -2a5?
-132a
In base 3, what is -10212022001220 + 1212?
-10212022000001
In base 13, what is -b20c + 185?
-b057
In base 14, what is 59601 + 2d0?
598d1
In base 16, what is -160ab + 290?
-15e1b
In base 12, what is 1 - -286a551?
286a552
In base 6, what is 113 - 3005131?
-3005014
In base 7, what is -441024366 + -25?
-441024424
In base 8, what is -4 + 23531471?
23531465
In base 16, what is 7fbb51 + 0?
7fbb51
In base 10, what is -72552 - -7563?
-64989
In base 7, what is 4046 + -6034?
-1655
In base 15, what is -3a0315c + 4?
-3a03158
In base 15, what is 21a9c57 - 5?
21a9c52
In base 16, what is 13 - -4e05ad?
4e05c0
In base 14, what is -1 - 28939a?
-28939b
In base 15, what is -3c8c + 384?
-3908
In base 7, what is -3502 - -1234313?
1230511
In base 12, what is 30183 + -83?
30100
In base 11, what is -1 - 21940?
-21941
In base 16, what is -1f - -eab1?
ea92
In base 5, what is 4120100 - 1400?
4113200
In base 7, what is -23342110 - 104?
-23342214
In base 14, what is 0 + 546ab39?
546ab39
In base 5, what is -1011040 + 2400?
-1003140
In base 7, what is -5412041606 + -4?
-5412041613
In base 10, what is 692 - 56832?
-56140
In base 3, what is 1 + 1222110102120?
1222110102121
In base 12, what is 1 + -18539697?
-18539696
In base 16, what is 7d44b3 + 2?
7d44b5
In base 4, what is 3001020210001 - 0?
3001020210001
In base 8, what is -10 + -353022?
-353032
In base 12, what is -1654 + -615a7?
-6303b
In base 15, what is -35 - 75d4?
-7619
In base 13, what is 1 + -b38872?
-b38871
In base 4, what is -13321232332 - -32?
-13321232300
In base 6, what is 101110140 + 400?
101110540
In base 12, what is 1 + -1797b7?
-1797b6
In base 5, what is -44040 + -33444?
-133034
In base 11, what is 11584a + -23?
115827
In base 16, what is -b - 7b6b5?
-7b6c0
In base 12, what is a05a8 + -471?
a0137
In base 5, what is 3014 + -22420124?
-22412110
In base 5, what is -11223 - 220031?
-231304
In base 15, what is -28 + 105095?
10506c
In base 4, what is -203220 - 12023320?
-12233200
In base 10, what is 274 - 58206?
-57932
In base 15, what is -17a1ee + a?
-17a1e4
In base 9, what is -556 + -56758?
-57425
In base 9, what is -4 + -2300666?
-2300671
In base 13, what is -2974 + -34987?
-3762b
In base 5, what is -221 + 11304424?
11304203
In base 5, what is -410333323 - -200?
-410333123
In base 7, what is 362 + -53550?
-53155
In base 16, what is -2 + -184d212?
-184d214
In base 8, what is 3 - 1172400751?
-1172400746
In base 15, what is -46 + 13bae0?
13ba99
In base 8, what is 521125 - 1411?
517514
In base 8, what is 105640 + -105?
105533
In base 2, what is 101110100101011 + 110101?
101110101100000
In base 15, what is -4d7589d9 + -2?
-4d7589db
In base 14, what is -1489410 + -c?
-148941c
In base 2, what is 100010110010100010011000011 - 100?
100010110010100010010111111
In base 8, what is 15162310 + -11?
15162277
In base 5, what is 204421412 - -11?
204421423
In base 15, what is -4 - -4e736?
4e732
In base 12, what is -2 - 3895a0a?
-3895a10
In base 9, what is -20 + 40641647?
40641627
In base 11, what is -23 - -3426130?
3426108
In base 9, what is 202 - -47410?
47612
In base 4, what is 11 + -1122300322303?
-1122300322232
In base 2, what is 10011000000111101 + 1000010110?
10011001001010011
In base 15, what is -104b + -7e98?
-8ee4
In base 4, what is 30021331 - 1301?
30020030
In base 2, what is -100 + 1010111001101000110101010?
1010111001101000110100110
In base 10, what is -4 - 33871374?
-33871378
In base 14, what is -6304 - -2731?
-39b3
In base 13, what is -19140 + 2088?
-17085
In base 15, what is 1165 + -266?
dee
In base 10, what is -2204 + -1321?
-3525
In base 9, what is -65 + -1116412?
-1116477
In base 7, what is 363031450 - -5?
363031455
In base 7, what is -3544 - -26666?
23122
In base 15, what is -3 + a2d35e?
a2d35b
In base 13, what is 1527 - 40?
14b7
In base 3, what is 1210201202221 - 2020?
1210201200201
In base 16, what is 1b96c9fa - -4?
1b96c9fe
In base 8, what is 3 + 5547207?
5547212
In base 15, what is -14eb14a + 2?
-14eb148
In base 10, what is -154 + -24046?
-24200
In base 11, what is -613 + -25333?
-25946
In base 9, what is -4 - 2257031?
-2257035
In base 9, what is 11 + -4473348?
-4473337
In base 15, what is 4c2 + -489?
38
In base 4, what is 102221100 - -203131?
103030231
In base 10, what is -107011 - 391?
-107402
In base 11, what is -12 - 2752033?
-2752045
In base 6, what is 12505113 + 3023?
12512140
In base 9, what is -21157500 - 4?
-21157504
In base 7, what is 3 - -10540030225?
10540030231
In base 9, what is -2335771 - -522?
-2335248
In base 13, what is 4 + 20c5918?
20c591c
In base 5, what is 243340 + 100102?
343442
In base 12, what is 420 + -5b033?
-5a813
In base 9, what is -13 + -152518367?
-152518381
In base 3, what is 1110 - 200122112112022?
-200122112110212
In base 5, what is -3421 - 4314243?
-4323214
In base 6, what is 115 - 2100344?
-2100225
In base 12, what is 3098 - 17709?
-14631
In base 3, what is 11100 + -10022210000?
-10022121200
In base 6, what is 2213420 + -325?
2213051
In base 15, what is -556628 - d9?
-556712
In base 5, what is 143012330 - -203?
143013033
In base 14, what is -5 - 3491d3c?
-3491d43
In base 10, what is 